f 325 and 16008325?
25
What is the highest common divisor of 240 and 115853160?
120
Calculate the greatest common factor of 5217 and 404583567.
5217
Calculate the greatest common divisor of 15110040 and 7080.
120
Calculate the greatest common factor of 68057 and 25071607.
2959
Calculate the greatest common factor of 15807825 and 4950.
2475
Calculate the highest common factor of 2948116 and 4978.
38
Calculate the highest common factor of 11975717 and 13.
13
Calculate the highest common factor of 406924004 and 368.
92
Calculate the greatest common divisor of 638233149 and 354.
177
What is the greatest common factor of 78949 and 405621743?
6073
Calculate the highest common divisor of 109080207 and 16151.
521
Calculate the greatest common factor of 773079 and 15804.
1317
What is the greatest common divisor of 23437450 and 8550?
950
What is the highest common divisor of 3683386 and 1228?
614
Calculate the greatest common factor of 14 and 22194788.
14
Calculate the highest common divisor of 9888 and 105912.
24
Calculate the highest common divisor of 23609443 and 535.
107
What is the greatest common divisor of 7026462 and 1017?
9
Calculate the greatest common factor of 6 and 2638406.
2
What is the greatest common divisor of 16177 and 71701?
7
Calculate the highest common factor of 4270206 and 102.
6
What is the greatest common divisor of 167000 and 14380?
20
Calculate the greatest common divisor of 3580225 and 1551.
517
What is the greatest common factor of 1837528 and 39501?
1463
Calculate the highest common factor of 118887 and 85560.
69
Calculate the highest common divisor of 72 and 1133304.
24
Calculate the greatest common divisor of 2676 and 27221164.
892
What is the highest common divisor of 2960 and 1068144120?
1480
Calculate the greatest common divisor of 40875 and 26625.
375
Calculate the highest common factor of 14686972 and 6070.
1214
What is the greatest common factor of 18395131 and 86967?
3221
What is the highest common divisor of 113832 and 1514040?
744
Calculate the greatest common factor of 2016452 and 124.
4
What is the highest common divisor of 217550 and 18050?
950
Calculate the greatest common divisor of 712 and 493885208.
712
What is the highest common factor of 10 and 649895?
5
What is the highest common divisor of 12859437 and 11649?
1059
Calculate the highest common factor of 25264699 and 76.
19
Calculate the greatest common factor of 29371 and 999891.
1277
Calculate the highest common divisor of 9391536 and 3168.
1584
Calculate the greatest common factor of 5450848 and 143.
13
What is the highest common divisor of 23 and 1052917667?
23
What is the greatest common factor of 198 and 435462742?
22
Calculate the highest common factor of 380 and 11232116.
76
What is the highest common divisor of 28 and 824551?
7
What is the greatest common divisor of 499793570 and 30?
10
What is the highest common factor of 391 and 363086?
17
What is the highest common factor of 981 and 16717221?
981
Calculate the highest common factor of 211460679 and 54.
27
Calculate the highest common factor of 200 and 79303960.
40
What is the greatest common factor of 22262169 and 348?
87
Calculate the greatest common divisor of 6208323 and 15503.
419
Calculate the greatest common factor of 2184 and 2204160.
168
Calculate the greatest common divisor of 2160 and 11318427.
27
What is the highest common divisor of 233583560 and 3280?
1640
Calculate the greatest common divisor of 632296071 and 28593.
9531
Calculate the greatest common factor of 52354020 and 15.
15
Calculate the greatest common factor of 61133884 and 28.
28
What is the greatest common factor of 86978796 and 12?
12
What is the greatest common factor of 130770318 and 644?
322
Calculate the greatest common divisor of 8500 and 2520500.
500
Calculate the highest common divisor of 433510 and 94710.
770
What is the greatest common divisor of 4104 and 945324?
108
What is the greatest common factor of 42 and 656817?
21
Calculate the greatest common divisor of 1992 and 19600616.
664
Calculate the highest common factor of 20410 and 518570.
130
Calculate the highest common factor of 125502260 and 208.
52
What is the greatest common factor of 2562616 and 8576?
536
Calculate the highest common factor of 19072494 and 252.
126
What is the greatest common factor of 191377236 and 12?
12
Calculate the greatest common factor of 22049340 and 2244.
204
Calculate the highest common divisor of 14 and 22486926.
14
Calculate the greatest common factor of 534900 and 138275.
25
What is the highest common divisor of 497 and 261503792?
71
Calculate the highest common factor of 39068416 and 606.
202
What is the greatest common divisor of 583 and 183689?
11
Calculate the greatest common divisor of 26577 and 9927.
9
Calculate the greatest common divisor of 267 and 6325764.
267
Calculate the greatest common divisor of 56718 and 7622269.
3151
Calculate the greatest common factor of 15452 and 1604.
4
What is the greatest common factor of 25 and 386448775?
25
Calculate the greatest common factor of 119015 and 10205.
65
What is the greatest common divisor of 81 and 1910463?
3
What is the greatest common divisor of 149927718 and 8804?
4402
What is the highest common factor of 1142258 and 78?
26
What is the greatest common divisor of 241015 and 5723?
59
Calculate the highest common divisor of 664495144 and 1808.
904
Calculate the highest common factor of 7962777 and 297.
9
What is the highest common factor of 793391789 and 311?
311
Calculate the highest common factor of 24283693 and 189.
7
What is the greatest common divisor of 908 and 85891?
1
What is the greatest common factor of 56 and 19638556?
28
What is the greatest common factor of 27647459 and 7021?
413
What is the highest common divisor of 1968 and 132820812?
492
What is the greatest common divisor of 13855 and 102690?
815
What is the greatest common divisor of 812632 and 662528?
5176
What is the highest common divisor of 2734 and 129798017?
1367
Calculate the greatest common factor of 2816 and 522324.
44
What is the greatest common factor of 4943760 and 11640?
120
What is the greatest common divisor of 34 and 546482?
34
What is the highest common factor of 26304 and 19034643?
411
What is the highest common factor of 3412215 and 150066?
3573
What is the greatest common divisor of 280 and 1093693370?
70
Calculate the greatest common factor of 12276 and 7145748.
1116
Calculate the greatest common divisor of 14375 and 5265965.
115
Calculate the greatest common divisor of 16 and 336706912.
16
Calculate the highest common factor of 11811394 and 4490.
898
Calculate the highest common divisor of 8475316 and 1173.
391
What is the highest common divisor of 30410315 and 2255?
205
What is the highest common factor of 4320 and 8967240?
1080
What is the highest common divisor of 632 and 17662109?
79
What is the greatest common divisor of 1165538 and 4499?
11
Calculate the greatest common factor of 43702032 and 24.
24
Calculate the highest common divisor of 501 and 3409639.
167
What is the highest common factor of 3 and 1025972295?
3
What is the highest common factor of 11 and 15697242?
11
What is the highest common divisor of 4012 and 188033?
59
What is the highest common factor of 2504923110 and 23820?
11910
What is the greatest common factor of 48 and 102779456?
16
Calculate the highest common divisor of 8330 and 913087.
119
Calculate the highest common factor of 946982 and 515.
103
Calculate the highest common factor of 275804498 and 34.
34
Calculate the highest common factor of 5150 and 36990.
10
Calculate the highest common factor of 165321 and 801333.
1053
What is the highest common divisor of 7421872 and 16?
16
What is the highest common factor of 4693815 and 5940?
135
What is the highest common divisor of 124970 and 10?
10
Calculate the highest common divisor of 5 and 396363.
1
Calculate the greatest common divisor of 153865545 and 705.
705
Calculate the highest common divisor of 118370 and 368410.
1330
What is the highest common divisor of 1449391 and 6946?
23
What is the highest common divisor of 11105 and 97175413?
2221
Calculate the highest common factor of 90760 and 1200.
40
What is the greatest common divisor of 2202 and 13296410?
734
What is the greatest common factor of